-4) composite?
False
Let t = 795 + 171. Let x = -33 + t. Is x prime?
False
Suppose 6*f + 2*f = 56. Is (12 - f - 4) + 84*3 prime?
False
Let u = -7264 - -3210. Let h = 6095 + u. Is h composite?
True
Suppose 0 = 7*j + 102 - 60. Is (j/2)/(-8 + 7208/904) a prime number?
True
Suppose -3*u = -4*l + 9, -3*u - 3 = -2*l - 2*u. Suppose 393 = 2*j + j. Suppose 2*a - a - j = l. Is a composite?
False
Let l = 6 - -1. Suppose -316 = -l*n + 3*n. Suppose 9*m = 8*m + n. Is m a prime number?
True
Let u(f) = 0 + 162*f + 1 - 2 + 0. Is u(3) a prime number?
False
Let l(s) = -8*s**2 - s. Let a be l(2). Let m = a + 24. Let b = 17 + m. Is b a prime number?
True
Let k(g) = 4*g**2 + 12*g - 41. Suppose 3*l = 173 - 212. Is k(l) a composite number?
False
Let b be (-1)/3 + (-9810)/(-27). Suppose -b = -3*i + 3*n, 3*i + n = -2*n + 375. Is i a composite number?
True
Let u = 13 + -16. Let c be 5 + 5/(5/u). Is 3/(-2)*-131*c a prime number?
False
Let w(f) = -706*f**2 - f - 13. Let u be w(-3). Let j = 8987 + u. Is j a composite number?
True
Let n be (21/(-6) - -1)*18/(-15). Suppose 5*y - 3*b + 382 - 1104 = 0, n*b - 728 = -5*y. Is y composite?
True
Let y = 303 - 145. Let p = y - -111. Let o = p + -60. Is o a composite number?
True
Let f(c) = 5*c + 29. Let a be f(-8). Let j(y) = -6*y + 5. Let b be j(-5). Let k = b - a. Is k prime?
False
Is 15/6 + (-9 - 407510/(-20)) composite?
False
Let s(a) = 2*a**3 + a**2 - 6*a + 2. Let v be s(10). Suppose 406 = -4*m + v. Is m composite?
False
Let x be 1/(-1)*(-4)/((-8)/(-10)). Suppose -5*v - 1406 = -2*n, 0*n = n - x*v - 693. Is n a prime number?
False
Suppose 2*h = -c - 2*c + 15, -5*h + 10 = 2*c. Suppose -b + h*b + 596 = 0. Suppose 0 = 5*k - 9*k + b. Is k composite?
False
Let n be (-8)/(-20) - 83/(-5). Suppose 8 = 5*s - n. Let t(p) = p**3 + 7*p**2 + 4*p - 11. Is t(s) prime?
False
Let t = 1079 + 5208. Is t a prime number?
True
Suppose -2*h - 3690 + 394 = 0. Is (-1)/(4/h) - 3 a prime number?
True
Let d(q) = -q**3 - 6*q**2 + 11*q - 15. Let i be d(-14). Let m be 4/10 - 92/(-20). Suppose i = m*x - 1056. Is x a composite number?
False
Let o(b) = 704*b - 13. Is o(3) a composite number?
False
Let i(w) = w - 3. Let j be i(7). Suppose -4898 = -j*a + 1378. Suppose 4*d - 1692 = -4*m + 1444, 2*d - a = -m. Is d a composite number?
True
Let l(m) = -3*m**3 - m**2 - 21*m - 1. Is l(-10) a composite number?
False
Suppose 6 = 2*h, 11*a - 2*h = 14*a - 4089. Is a prime?
True
Suppose -13*x + 7*x + 168 = 0. Is (9527/x)/((-2)/(-8)) composite?
False
Suppose -4*s = -4*o - 23888, -s = -4*o + 2*o - 5973. Is s prime?
False
Suppose 2 = 2*i - 5*j - 3, -5*i - 5*j - 5 = 0. Suppose 0 = 3*d - 2*b - 5337, -2*b + i*b = d - 1771. Is d a composite number?
False
Let u(m) = 1 - 44*m**2 + 3*m + 12 - m + 57*m**2. Is u(6) a prime number?
False
Suppose 2*d = 7195 - 693. Is d composite?
False
Let z = -55 - -53. Is (z + -1)*1 - -374 a prime number?
False
Suppose -35*o + 36*o - 2707 = 0. Is o prime?
True
Let f = -16831 + 27990. Is f a composite number?
False
Suppose 34*m - 279822 = -48452. Is m a composite number?
True
Let t(d) = 352*d**2 - 6*d + 13. Is t(2) composite?
False
Let w(q) = 216*q**2 + 11*q - 4. Is w(3) composite?
False
Suppose -2*i + 5*i - 5*x - 43 = 0, -77 = -5*i + 3*x. Suppose 3619 = i*p - 5*p. Is p composite?
True
Let b(k) = 962*k + 1. Let w be b(2). Suppose w + 1150 = 5*n. Let u = -364 + n. Is u composite?
False
Suppose 16 = 2*z - 0. Let o be ((1 - -40) + 0 + 0)/1. Let s = o - z. Is s composite?
True
Let j = -1234 - -2484. Suppose 2*v - j - 2028 = 0. Is v composite?
True
Let s = 535 + -999. Let t = -273 - s. Is t a prime number?
True
Let u be ((-2)/(-6)*0)/1. Suppose 5 = 5*k - 0*k - 5*q, u = 2*k - 3*q. Suppose y + y - 658 = -k*x, y = 5*x + 355. Is y a composite number?
True
Is -5*(4 + (-95710)/50) a prime number?
True
Suppose 0*h - 2*h + 4 = 0. Suppose 3*t - 9 = h*t. Suppose -452 = -t*z + 5*z. Is z a prime number?
True
Let b(l) = l + 15. Suppose 2*j - 36 = 3*d, -2*d - 36 = d + 3*j. Let r be b(d). Is -5 + r - (-7 + 2) a composite number?
False
Suppose 7*o = 342 + 15044. Suppose -v = v - o. Is v composite?
True
Suppose 3*s - l - 34 = 0, 4*s - 28 + 8 = -5*l. Let c(d) = 5*d**3 - d**2 + d - 1. Let i be c(2). Let m = i + s. Is m prime?
True
Let b(c) be the second derivative of -c**3/6 - 2*c**2 + 4*c. Let o be b(-6). Is ((-3)/(-12))/(o/248) a composite number?
False
Let p = 219 - 209. Is p prime?
False
Suppose 0 = -k - 2*k - 1377. Suppose -3*j + f - 3673 = -1323, 4*j - 5*f = -3148. Let b = k - j. Is b a composite number?
True
Let o be 207/27 - 2/(-6). Suppose -r + 3*a + o = -2*a, -3*a = -2*r + 16. Is (-263)/(-2)*(-6 + r) a prime number?
True
Suppose 0*c + 4021 = -5*n + c, 0 = 3*n - 2*c + 2407. Let t = 1136 + n. Is t prime?
True
Suppose -5*g - 4492 = -2*t, -4*t = -4*g + 3*g - 9002. Is t a prime number?
True
Let w be (351 - -4) + (3 + -4)*-2. Let y = w + -230. Is y composite?
False
Let h(k) = 889*k**2 + 2*k + 1. Let a be h(-1). Let t = -405 + a. Suppose 414 = 3*f - t. Is f a prime number?
False
Let t = 51468 + -20711. Is t composite?
False
Let c = -233 + 17754. Is c a composite number?
True
Let r(m) = 5*m**3 - 10*m**2 - 4*m - 9. Let b(z) be the second derivative of z**5/20 - z**4/12 - z**2/2 - 3*z. Let w(g) = -6*b(g) + r(g). Is w(-4) prime?
True
Suppose -8*j = -2*j - 12018. Is j prime?
True
Let s(l) = -1148*l + 293. Is s(-16) a prime number?
True
Let h be -2 + 2*-151*-10 - -2. Suppose 3*o - 2632 = -c - 375, h = 4*o + 4*c. Is o composite?
False
Suppose 0 = 35*p + 5*p - 819080. Is p a prime number?
True
Suppose 0 = -6*l + 749 + 1507. Suppose -u + 4*u = -4*k + l, 376 = 4*k - u. Is k prime?
False
Let w(l) be the third derivative of 923*l**4/24 - 4*l**3/3 - 14*l**2. Is w(3) a composite number?
True
Is (-6 + (-5 - -12))/(-1) - -686 composite?
True
Let s(p) = -21*p - 5. Suppose 13*b - 14*b = -4. Suppose -b*y - 6 = -2*h, y = -2*y + 5*h + 6. Is s(y) composite?
True
Let h = 10768 + -4479. Is h a prime number?
False
Suppose -5*m + 3*r + 19 = r, 5*r = -10. Suppose -p + 3*p + 4 = m*n, n - 3*p = -8. Suppose -5*f + 3*d - 121 = -600, -n*f - 3*d + 394 = 0. Is f a prime number?
True
Let j be ((-4 - -4) + -2)/(-1). Suppose -m = 2*u - 1124 - 3778, -j*u = 4*m - 4890. Is u prime?
False
Let z be (5 + -4)*(-10)/(-5). Suppose -z*q = -j - 0*q + 51, -3*j + 4*q + 161 = 0. Is j a composite number?
False
Let u(b) = -117*b + 95. Is u(-24) a prime number?
True
Let l be (-20)/(-15)*15/2. Let f(b) = l*b + 7 - 3 + 1 + 0. Is f(3) a prime number?
False
Let m(z) = 79*z + 69. Let k(y) = -39*y - 35. Let h(c) = 13*k(c) + 6*m(c). Is h(-10) a prime number?
False
Suppose -5*o - 8 = 17. Let c(b) = b**3 + 7*b**2 + 7*b - 6. Let v be c(o). Suppose -5*g + v*g = 1308. Is g a composite number?
True
Is (12377/(-4) + -1)*(-2320)/1740 prime?
True
Let n = 202 - -271. Let j = 676 - n. Is j a prime number?
False
Let y be ((-10)/(-35))/(2/28). Suppose 0 = -x - y*l + 27, 2*x - l - 43 = 2*l. Let b = x - -36. Is b a prime number?
True
Suppose 2*f + 6 + 2 = 0, -4*u + 5*f = -36. Suppose 6 = 5*k - u. Suppose k*o + 938 = 4*o. Is o composite?
True
Let u(w) = 565*w - 88. Is u(21) composite?
False
Let y be (1 - 1 - 7)*-1. Suppose 4*n - y*n + 16 = -5*d, 3*n = 4*d + 14. Is (-2220)/(-28) + n/(-7) a composite number?
False
Let d(w) = -w**3 + 7*w**2 + 10*w + 7. Let t = -16 + 28. Suppose h = g + 9, -2*h + 0*g + t = 4*g. Is d(h) prime?
True
Let w = -9074 + 16291. Is w a prime number?
False
Suppose -2*l + 18570 = 4*k, -3 = k + 2*k. Is l prime?
False
Let q(k) = 14774*k + 5. Is q(1) a composite number?
False
Suppose -8*i + 9 = -5*i. Suppose -3*r = 0, -i*n + 1132 + 827 = -3*r. Is n composite?
False
Suppose -24272 = 4*a - 4*n + n, n - 12134 = 2*a. Is (a/10)/((-1)/2) a composite number?
False
Let v = 5 - 0. Suppose 3*j = 3*q + 528, 4*j - v*q - 703 = -0*q. Is j composite?
True
Let z = 16 - 10. Suppose -z*g = g - 1127. Is g composite?
True
Let i(f) = 28*f**3 - 35*f**2 + 68*f - 3. Is i(2) a composite number?
True
Let l = 223 + -141. Suppose 3*v - f - 59 = 0, -v = 3*v - 3*f - l. Is v composite?
False
Suppose 3*q + 3*r = 12, 7*q - 4*q - r + 4 = 0. Let h = 4 - q. Is (-389)/h*(-2 + -2) prime?
True
Is (6/(-30))/((-5)/6410)*5 composite?
True
Suppose 5*h + 26 = -5*g + 81, -h = 4*g - 26. Let l(z) = 12*z**2 + 4*z + 10. Let p(d) = 11*d**2 + 3*d + 9. Let i(t) = -4*l(t) + 5*p(t).